{"id":1938,"date":"2023-10-25T19:59:52","date_gmt":"2023-10-25T22:59:52","guid":{"rendered":"https:\/\/isfdtrettel-cba.infd.edu.ar\/sitio\/?page_id=1938"},"modified":"2026-04-27T15:52:10","modified_gmt":"2026-04-27T18:52:10","slug":"informacion-para-docentes-2","status":"publish","type":"page","link":"https:\/\/isfdtrettel-cba.infd.edu.ar\/sitio\/informacion-para-docentes-2\/","title":{"rendered":"Informaci\u00f3n para Docentes"},"content":{"rendered":"\n<p>Est\u00e1n construyendo <strong>nuestro edificio<\/strong>, m\u00e1s informaci\u00f3n <a rel=\"noreferrer noopener\" href=\"https:\/\/isfdtrettel-cba.infd.edu.ar\/sitio\/noticias-del-instituto\/\" target=\"_blank\">Aqu\u00ed<\/a><\/p>\n\n\n\n<figure class=\"wp-block-pullquote has-border-color has-contrast-border-color has-background\" style=\"border-style:dashed;background:linear-gradient(4deg,rgb(255,245,203) 0%,rgb(182,227,212) 50%,rgb(51,167,181) 100%)\"><blockquote><p><strong><u>HORARIOS <\/u>2026<\/strong><br><br><a href=\"https:\/\/docs.google.com\/document\/d\/1wusokCJRjrDl8PG4RoviIutgRf_Z-MNr\/edit?usp=sharing&amp;ouid=100919828288933334012&amp;rtpof=true&amp;sd=true\">SEDE HORARIO PEP 2026<\/a><br><br><a href=\"https:\/\/docs.google.com\/document\/d\/1z6YPrH0nCN5Roe9iOyKUqXMFmPsIRtYx\/edit?usp=sharing&amp;ouid=100919828288933334012&amp;rtpof=true&amp;sd=true\">SEDE HORARIO PEI 2026<\/a><br><br><a href=\"https:\/\/docs.google.com\/document\/d\/1WWVuQlxLjqCW16v2wwwhEgdZGmjkIfDd\/edit?usp=sharing&amp;ouid=100919828288933334012&amp;rtpof=true&amp;sd=true\">SEDE HORARIO PESM 2026<\/a><br><br><a href=\"https:\/\/docs.google.com\/document\/d\/1-XEIGKXvA5eUUWSmZYwwFGN9vVx8vu72\/edit?usp=sharing&amp;ouid=100919828288933334012&amp;rtpof=true&amp;sd=true\">ANEXO HORARIO PEP 2026<\/a><br><br><a href=\"https:\/\/docs.google.com\/document\/d\/1tH-YMYJWI0BS8ciYM-7rTW3iidPz7GkA\/edit?usp=sharing&amp;ouid=100919828288933334012&amp;rtpof=true&amp;sd=true\">ANEXO HORARIO PEI 2026<\/a>&nbsp;&nbsp;&nbsp;&nbsp;<\/p><\/blockquote><\/figure>\n\n\n\n<figure class=\"wp-block-pullquote has-border-color has-contrast-border-color has-background\" style=\"border-style:dashed;background:linear-gradient(336deg,rgb(255,245,203) 0%,rgb(182,227,212) 50%,rgb(51,167,181) 100%)\"><blockquote><p><strong>DOCUMENTACI\u00d3N A PRESENTAR ANUALMENTE<\/strong><br><br>* <a rel=\"noreferrer noopener\" href=\"https:\/\/docs.google.com\/document\/d\/1J4yvrQHUbuu3n3ZeK9PM-X1Zjg6tl34S\/edit?usp=sharing&amp;ouid=103738235709374206986&amp;rtpof=true&amp;sd=true\" target=\"_blank\">R\u00e9gimen de Incompatibilidades<\/a> (Tambi\u00e9n deber\u00e1 presentarlo si cambia la situaci\u00f3n laboral &#8211; <strong>impreso<\/strong> <strong>siempre<\/strong>)<br><br><br><u>La documentaci\u00f3n digitalizada se envia al formulario correspondiente (oportunamente compartido por Secretaria), en lo posible en el mismo momento cargarlos a todos en su totalidad<\/u>. Para ello puede ir gestionando cada uno desde los enlaces especificados a continuaci\u00f3n.<br><br><br><em>* Constancia de Servicio<\/em><br>* Certificado de No inscripto en el \u00ab<a rel=\"noreferrer noopener\" href=\"https:\/\/registrocivil.cba.gov.ar\/consulta-automatica-deudores-alimentarios-morosos\/\" target=\"_blank\">Registro de Deudores Alimentarios<\/a>\u00bb <br>* Certificado de No inscripto en el \u00ab<a rel=\"noreferrer noopener\" href=\"https:\/\/disweb.cba.gov.ar\/\" target=\"_blank\">Registro Provincial de Personas Condenadas por Delitos Contra la Integridad Sexual<\/a>\u00bb (en la secci\u00f3n \u00abInformaci\u00f3n para Estudiantes\u00bb encontraran un video tutorial.)<br>* Certificado de&nbsp;<a href=\"https:\/\/www.argentina.gob.ar\/justicia\/reincidencia\/antecedentespenales\">Antecedentes Penales<\/a><br>* Propuesta de Ense\u00f1anza <a href=\"https:\/\/docs.google.com\/document\/d\/1e2Kl3Fpd-x9C4CHfa-OBrx1aHP92YHMj\/edit?usp=sharing&amp;ouid=100919828288933334012&amp;rtpof=true&amp;sd=true\">PROGRAMA<\/a> subir al Aula Virtual. Adem\u00e1s de subirlo tambi\u00e9n al formulario correspondiente, el plazo de presentaci\u00f3n es hasta el d\u00eda 30 de abril, sin excepci\u00f3n. <\/p><\/blockquote><\/figure>\n\n\n\n<p><\/p>\n\n\n\n<p><\/p>\n\n\n\n<figure class=\"wp-block-pullquote has-border-color has-contrast-border-color has-background\" style=\"border-style:dashed;background:linear-gradient(4deg,rgb(255,245,203) 0%,rgb(182,227,212) 50%,rgb(51,167,181) 100%)\"><blockquote><p><strong>ATENCI\u00d3N!!!!!!!<strong>Fechas&nbsp;<\/strong><a rel=\"noreferrer noopener\" href=\"https:\/\/docs.google.com\/spreadsheets\/d\/1TpFY2X-j--IjagTcMCISyTk2fENk3__AVmZIHNELXUs\/edit?usp=sharing\" target=\"_blank\">Mesas de examen Febrero\/Marzo 2026<\/a><\/strong> <\/p><\/blockquote><\/figure>\n\n\n\n<div class=\"wp-block-file\"><object class=\"wp-block-file__embed\" data=\"https:\/\/isfdtrettel-cba.infd.edu.ar\/sitio\/wp-content\/uploads\/2026\/04\/AIC-ISFD-RENEE-TRETTEL-DE-FABIAN.pdf\" type=\"application\/pdf\" style=\"width:100%;height:600px\" aria-label=\"Incrustado de AIC-ISFD-RENEE-TRETTEL-DE-FABIAN.\"><\/object><a id=\"wp-block-file--media-a85890c2-b07b-4805-9537-0996d60783a9\" href=\"https:\/\/isfdtrettel-cba.infd.edu.ar\/sitio\/wp-content\/uploads\/2026\/04\/AIC-ISFD-RENEE-TRETTEL-DE-FABIAN.pdf\">AIC-ISFD-RENEE-TRETTEL-DE-FABIAN<\/a><a href=\"https:\/\/isfdtrettel-cba.infd.edu.ar\/sitio\/wp-content\/uploads\/2026\/04\/AIC-ISFD-RENEE-TRETTEL-DE-FABIAN.pdf\" class=\"wp-block-file__button wp-element-button\" download aria-describedby=\"wp-block-file--media-a85890c2-b07b-4805-9537-0996d60783a9\">Descarga<\/a><\/div>\n\n\n\n<div class=\"wp-block-file\"><object class=\"wp-block-file__embed\" data=\"https:\/\/isfdtrettel-cba.infd.edu.ar\/sitio\/wp-content\/uploads\/2026\/04\/RM_298-2025_RAM.pdf\" type=\"application\/pdf\" style=\"width:100%;height:600px\" aria-label=\"Incrustado de RM_298-2025_RAM.\"><\/object><a id=\"wp-block-file--media-5f285b6f-a83f-4495-8652-a0ed2180db8c\" href=\"https:\/\/isfdtrettel-cba.infd.edu.ar\/sitio\/wp-content\/uploads\/2026\/04\/RM_298-2025_RAM.pdf\">RM_298-2025_RAM<\/a><a href=\"https:\/\/isfdtrettel-cba.infd.edu.ar\/sitio\/wp-content\/uploads\/2026\/04\/RM_298-2025_RAM.pdf\" class=\"wp-block-file__button wp-element-button\" download aria-describedby=\"wp-block-file--media-5f285b6f-a83f-4495-8652-a0ed2180db8c\">Descarga<\/a><\/div>\n","protected":false},"excerpt":{"rendered":"<p>Est\u00e1n construyendo nuestro edificio, m\u00e1s informaci\u00f3n Aqu\u00ed HORARIOS 2026 SEDE HORARIO PEP 2026 SEDE HORARIO PEI 2026 SEDE HORARIO PESM 2026 ANEXO HORARIO PEP 2026 ANEXO HORARIO PEI 2026&nbsp;&nbsp;&nbsp;&nbsp; DOCUMENTACI\u00d3N A PRESENTAR ANUALMENTE * R\u00e9gimen de Incompatibilidades (Tambi\u00e9n deber\u00e1 presentarlo si cambia la situaci\u00f3n laboral &#8211; impreso siempre) La documentaci\u00f3n digitalizada se envia al formulario &#8230; <a title=\"Informaci\u00f3n para Docentes\" class=\"read-more\" href=\"https:\/\/isfdtrettel-cba.infd.edu.ar\/sitio\/informacion-para-docentes-2\/\" aria-label=\"More on Informaci\u00f3n para Docentes\">[+]<\/a><\/p>\n","protected":false},"author":332,"featured_media":0,"parent":0,"menu_order":0,"comment_status":"closed","ping_status":"closed","template":"","meta":[],"acf":[],"_links":{"self":[{"href":"https:\/\/isfdtrettel-cba.infd.edu.ar\/sitio\/wp-json\/wp\/v2\/pages\/1938"}],"collection":[{"href":"https:\/\/isfdtrettel-cba.infd.edu.ar\/sitio\/wp-json\/wp\/v2\/pages"}],"about":[{"href":"https:\/\/isfdtrettel-cba.infd.edu.ar\/sitio\/wp-json\/wp\/v2\/types\/page"}],"author":[{"embeddable":true,"href":"https:\/\/isfdtrettel-cba.infd.edu.ar\/sitio\/wp-json\/wp\/v2\/users\/332"}],"replies":[{"embeddable":true,"href":"https:\/\/isfdtrettel-cba.infd.edu.ar\/sitio\/wp-json\/wp\/v2\/comments?post=1938"}],"version-history":[{"count":77,"href":"https:\/\/isfdtrettel-cba.infd.edu.ar\/sitio\/wp-json\/wp\/v2\/pages\/1938\/revisions"}],"predecessor-version":[{"id":2921,"href":"https:\/\/isfdtrettel-cba.infd.edu.ar\/sitio\/wp-json\/wp\/v2\/pages\/1938\/revisions\/2921"}],"wp:attachment":[{"href":"https:\/\/isfdtrettel-cba.infd.edu.ar\/sitio\/wp-json\/wp\/v2\/media?parent=1938"}],"curies":[{"name":"wp","href":"https:\/\/api.w.org\/{rel}","templated":true}]}}