{"id":800,"date":"2018-08-30T11:07:12","date_gmt":"2018-08-30T14:07:12","guid":{"rendered":"https:\/\/isfdtrettel-cba.infd.edu.ar\/sitio\/datos-institucionales\/"},"modified":"2026-03-01T20:09:00","modified_gmt":"2026-03-01T23:09:00","slug":"datos-institucionales","status":"publish","type":"page","link":"https:\/\/isfdtrettel-cba.infd.edu.ar\/sitio\/datos-institucionales\/","title":{"rendered":"Datos institucionales"},"content":{"rendered":"\n<h1 class=\"wp-block-heading has-text-align-center has-pale-ocean-gradient-background has-background has-large-font-size has-text-color\" style=\"color:#226225\">Instituto Superior de Formaci\u00f3n Docente<\/h1>\n\n\n\n<h2 class=\"wp-block-heading has-text-align-center has-pale-ocean-gradient-background has-text-color has-background\" style=\"color:#3e7541\">Ren\u00e9e Trettel de Fabi\u00e1n<\/h2>\n\n\n\n<p class=\"has-pale-ocean-gradient-background has-background has-medium-font-size\"><strong>Correo electr\u00f3nico: reneetrettel@gmail.com <\/strong><\/p>\n\n\n\n<ul class=\"has-pale-ocean-gradient-background has-background\">\n<li><strong>SEDE:<\/strong><\/li>\n\n\n\n<li><strong>Horario de atenci\u00f3n: de 15:00 a 21:00 hs<\/strong><\/li>\n\n\n\n<li><strong>Horario de cursado: <\/strong>\n<ul>\n<li><strong>Turno Tarde de 13:00 a 17:50 horas  <\/strong><\/li>\n\n\n\n<li><strong>Turno Vespertino de 17:00 a 21:50 horas<\/strong><\/li>\n<\/ul>\n<\/li>\n\n\n\n<li><strong>Direcci\u00f3n: Domuyo 3096 y Alianza&nbsp; B\u00b0 Ampliaci\u00f3n Rosedal&nbsp;<\/strong>m\u00e1s informaci\u00f3n <a href=\"https:\/\/isfdtrettel-cba.infd.edu.ar\/sitio\/noticias-del-instituto\/\">Aqu\u00ed<\/a><\/li>\n\n\n\n<li><strong>Tel\u00e9fono: 0351 4251118<\/strong><\/li>\n\n\n\n<li><strong>EE 0310129<\/strong><\/li>\n\n\n\n<li><strong>CUE SEDE 140048500<\/strong><\/li>\n\n\n\n<li><strong>Consulta las noticias en nuestra p\u00e1gina:<\/strong><a rel=\"noreferrer noopener\" href=\"https:\/\/isfdtrettel-cba.infd.edu.ar\/sitio\/\" target=\"_blank\"> <\/a><a rel=\"noreferrer noopener\" href=\"https:\/\/isfdtrettel-cba.infd.edu.ar\/sitio\/\" target=\"_blank\">https:\/\/isfdtrettel-cba.infd.edu.ar\/sitio\/<\/a><\/li>\n\n\n\n<li><strong>Instagran<\/strong>&nbsp;<a rel=\"noreferrer noopener\" href=\"https:\/\/www.instagram.com\/isfd_reneetretteldefabian\/\" target=\"_blank\">https:\/\/www.instagram.com\/isfd_reneetretteldefabian\/<\/a><\/li>\n<\/ul>\n\n\n\n<ul class=\"has-pale-ocean-gradient-background has-background\">\n<li><strong>EXTENSI\u00d3N \u00c1ULICA:<\/strong><\/li>\n\n\n\n<li><strong>Horario de cursado: de 8:00 a 13:00 hs<\/strong><\/li>\n\n\n\n<li><strong>Direcci\u00f3n: V\u00e9lez Sarsfield 535. Villa Santa Rosa de Rio Primero.<\/strong><\/li>\n\n\n\n<li><strong>Tel\u00e9fono: 0351 4251118<\/strong><\/li>\n\n\n\n<li><strong>EE 0310129<\/strong><\/li>\n\n\n\n<li><strong>CUE ANEXO 140048501<\/strong><\/li>\n<\/ul>\n\n\n\n<p class=\"has-text-align-left\">&nbsp;<\/p>\n","protected":false},"excerpt":{"rendered":"<p>Instituto Superior de Formaci\u00f3n Docente Ren\u00e9e Trettel de Fabi\u00e1n Correo electr\u00f3nico: reneetrettel@gmail.com &nbsp;<\/p>\n","protected":false},"author":332,"featured_media":0,"parent":0,"menu_order":0,"comment_status":"closed","ping_status":"closed","template":"","meta":[],"acf":[],"_links":{"self":[{"href":"https:\/\/isfdtrettel-cba.infd.edu.ar\/sitio\/wp-json\/wp\/v2\/pages\/800"}],"collection":[{"href":"https:\/\/isfdtrettel-cba.infd.edu.ar\/sitio\/wp-json\/wp\/v2\/pages"}],"about":[{"href":"https:\/\/isfdtrettel-cba.infd.edu.ar\/sitio\/wp-json\/wp\/v2\/types\/page"}],"author":[{"embeddable":true,"href":"https:\/\/isfdtrettel-cba.infd.edu.ar\/sitio\/wp-json\/wp\/v2\/users\/332"}],"replies":[{"embeddable":true,"href":"https:\/\/isfdtrettel-cba.infd.edu.ar\/sitio\/wp-json\/wp\/v2\/comments?post=800"}],"version-history":[{"count":20,"href":"https:\/\/isfdtrettel-cba.infd.edu.ar\/sitio\/wp-json\/wp\/v2\/pages\/800\/revisions"}],"predecessor-version":[{"id":2873,"href":"https:\/\/isfdtrettel-cba.infd.edu.ar\/sitio\/wp-json\/wp\/v2\/pages\/800\/revisions\/2873"}],"wp:attachment":[{"href":"https:\/\/isfdtrettel-cba.infd.edu.ar\/sitio\/wp-json\/wp\/v2\/media?parent=800"}],"curies":[{"name":"wp","href":"https:\/\/api.w.org\/{rel}","templated":true}]}}