{"id":807,"date":"2018-08-30T11:07:15","date_gmt":"2018-08-30T14:07:15","guid":{"rendered":"https:\/\/isfdtrettel-cba.infd.edu.ar\/sitio\/historia\/"},"modified":"2026-03-01T20:35:00","modified_gmt":"2026-03-01T23:35:00","slug":"historia","status":"publish","type":"page","link":"https:\/\/isfdtrettel-cba.infd.edu.ar\/sitio\/historia\/","title":{"rendered":"Historia"},"content":{"rendered":"\n<p><span style=\"font-family: arial,helvetica,sans-serif; color: #cc6600; font-size: small;\"><strong>&nbsp;<\/strong><\/span><\/p>\n\n\n\n<p class=\"has-text-align-center\"><\/p>\n\n\n<div class=\"wp-block-image\">\n<figure class=\"aligncenter size-full\"><img decoding=\"async\" loading=\"lazy\" width=\"619\" height=\"406\" src=\"https:\/\/isfdtrettel-cba.infd.edu.ar\/sitio\/wp-content\/uploads\/2024\/09\/WhatsApp-Image-2024-09-02-at-20.29.33-1.jpeg\" alt=\"\" class=\"wp-image-2349\"\/><\/figure><\/div>\n\n\n<p class=\"has-text-align-center\"><span style=\"color: #008000; font-size: large;\"><strong><span style=\"font-family: comic sans ms,sans-serif;\">HACIENDO MEMORIA<\/span><\/strong><\/span><\/p>\n\n\n\n<figure class=\"wp-block-pullquote has-text-align-left has-pale-ocean-gradient-background has-background\"><blockquote><p><strong>El Instituto superior de Formaci\u00f3n Docente \u00abRene\u00e9 Trettel de Fabi\u00e1n\u00bb fue creado por un decreto provincial en el a\u00f1o 1989, durante el segundo per\u00edodo democr\u00e1tico post-dictadura. Su creaci\u00f3n fue el resultado del proyecto realizado por un grupo de docentes del Instituto de Nivel Medio \u00abBrigadier Juan Ignacio de San Mart\u00edn\u00bb, quienes apoyados por el director formaron una comisi\u00f3n para la organizaci\u00f3n del Instituto Superior.<\/strong> <\/p><cite><strong>El objetivo era crear una instituci\u00f3n donde los alumnos de la escuela media pudieran continuar los estudios de nivel superior, porque en la zona sur de la ciudad no contaba con esa oferta educativa<\/strong>. <br><strong>Los primeros a\u00f1os del instituto se desarrollaron en el edificio de la escuela que le dio origen &#8211; desde 1989 a 1996 &#8211; entonces se la conoc\u00eda como el \u00abMagisterio de Villa Adela\u00bb&#8230;por razones de crecimiento y exigencias para la acreditaci\u00f3n como Instituto de Formaci\u00f3n Docente debi\u00f3 trasladarse al edificio donde funciona en la actualidad.<\/strong> <br><strong>Hasta el a\u00f1o 2024 compart\u00eda espacio de trabajo con la Escuela Primaria \u00abRep\u00fablica del Per\u00fa\u00bb, donde desde 1992 ya funcionaba el Centro de Capacitaci\u00f3n del Instituto \u00abRene\u00e9 Trettel de Fabi\u00e1n\u00bb y donde adem\u00e1s los alumnos realizaban sus pr\u00e1cticas de residencia.<\/strong> <br><strong>Otro hecho importante en la historia de la instituci\u00f3n fue la creaci\u00f3n, en el a\u00f1o 1991, de este centro de capacitaci\u00f3n, por iniciativa de los primeros egresados. En el marco del centro se dictan cursos para docentes, especialmente de nivel primario de la zona.<\/strong> <br><strong>Desde el a\u00f1o 2001 se desarrollan proyectos de investigaci\u00f3n educativa, con la participaci\u00f3n de estudiantes desde el 2002.<\/strong> <br><strong>A partir del<\/strong> <strong>a\u00f1o<\/strong> <strong>2024<\/strong> <strong>el instituto<\/strong> <strong>se traslad\u00f3 al nuevo edificio donde<\/strong> <strong>actualmente<\/strong> <strong>funciona<\/strong>.  <\/cite><\/blockquote><\/figure>\n\n\n\n<blockquote class=\"wp-block-quote has-pale-ocean-gradient-background has-background\">\n<p class=\"has-text-align-center\"><strong>Con el Lema: APRENDER A ENSE\u00d1AR&#8230;.<\/strong><\/p>\n<cite><strong>En la actualidad el instituto abre sus puertas y ofrece la carrera de Profesorado en Educaci\u00f3n Primaria, Profesorado de Educaci\u00f3n Inicial y Profesorado de Educaci\u00f3n Secundaria en Matem\u00e1tica<\/strong><\/cite><\/blockquote>\n\n\n\n<figure class=\"wp-block-pullquote has-text-align-center has-pale-ocean-gradient-background has-background\"><blockquote><p><strong>EL POR QU\u00c9 DEL NOMBRE<\/strong><\/p><cite><strong>El 29 de mayo de 1990 se impuso el nombre de \u00abRene\u00e9 Trettel de Fabi\u00e1n\u00bb,en homenaje a la educadora cordobesa de la Escuela Normal Superior \u00abDr. Agust\u00edn Garz\u00f3n Agulla\u00bb, que estuvo fuertemente comprometida con la educaci\u00f3n y la formaci\u00f3n de maestros.<\/strong><\/cite><\/blockquote><\/figure>\n","protected":false},"excerpt":{"rendered":"<p>&nbsp; HACIENDO MEMORIA El Instituto superior de Formaci\u00f3n Docente \u00abRene\u00e9 Trettel de Fabi\u00e1n\u00bb fue creado por un decreto provincial en el a\u00f1o 1989, durante el segundo per\u00edodo democr\u00e1tico post-dictadura. Su creaci\u00f3n fue el resultado del proyecto realizado por un grupo de docentes del Instituto de Nivel Medio \u00abBrigadier Juan Ignacio de San Mart\u00edn\u00bb, quienes apoyados &#8230; <a title=\"Historia\" class=\"read-more\" href=\"https:\/\/isfdtrettel-cba.infd.edu.ar\/sitio\/historia\/\" aria-label=\"More on Historia\">[+]<\/a><\/p>\n","protected":false},"author":332,"featured_media":0,"parent":0,"menu_order":0,"comment_status":"closed","ping_status":"closed","template":"","meta":[],"acf":[],"_links":{"self":[{"href":"https:\/\/isfdtrettel-cba.infd.edu.ar\/sitio\/wp-json\/wp\/v2\/pages\/807"}],"collection":[{"href":"https:\/\/isfdtrettel-cba.infd.edu.ar\/sitio\/wp-json\/wp\/v2\/pages"}],"about":[{"href":"https:\/\/isfdtrettel-cba.infd.edu.ar\/sitio\/wp-json\/wp\/v2\/types\/page"}],"author":[{"embeddable":true,"href":"https:\/\/isfdtrettel-cba.infd.edu.ar\/sitio\/wp-json\/wp\/v2\/users\/332"}],"replies":[{"embeddable":true,"href":"https:\/\/isfdtrettel-cba.infd.edu.ar\/sitio\/wp-json\/wp\/v2\/comments?post=807"}],"version-history":[{"count":5,"href":"https:\/\/isfdtrettel-cba.infd.edu.ar\/sitio\/wp-json\/wp\/v2\/pages\/807\/revisions"}],"predecessor-version":[{"id":2887,"href":"https:\/\/isfdtrettel-cba.infd.edu.ar\/sitio\/wp-json\/wp\/v2\/pages\/807\/revisions\/2887"}],"wp:attachment":[{"href":"https:\/\/isfdtrettel-cba.infd.edu.ar\/sitio\/wp-json\/wp\/v2\/media?parent=807"}],"curies":[{"name":"wp","href":"https:\/\/api.w.org\/{rel}","templated":true}]}}